9
Let s(g) = 611*g - 5831. What are the prime factors of s(23)?
2, 4111
Let j(a) = 64*a - 39. Let c(t) = -6*t - 18. Let g be c(-4). Let i be j(g). Let x = i + -117. What are the prime factors of x?
2, 3, 19
Suppose 4*p = -9*l + 7*l + 54622, p - 3*l - 13666 = 0. List the prime factors of p.
7, 1951
Suppose 0 = -4*f - 5*o + 1094, 4*o - 1372 = 2*f - 7*f. Let k = f - 123. List the prime factors of k.
3, 17
Let a = -70 - -95. Let q = 26 - a. What are the prime factors of (q - (-1 + (3 - -1))) + 101?
3, 11
Let a(n) = 4*n**2 + 2 + 5*n + 7*n + 8 - 2*n**2. List the prime factors of a(-14).
2, 3, 13
Suppose 134*y = 144*y - 90. Suppose -y*w = -22*w + 15093. List the prime factors of w.
3, 43
Let f = 144 - 51. Suppose 94*o - 701 = f*o. List the prime factors of o.
701
Let a(m) = -319*m - 3037. List the prime factors of a(-99).
2, 223
Suppose 21*m = 20*m + 9. Suppose -10*v + 100 = -m*v. Suppose 5*z + k - v = 0, -3*k - 5 = -2*k. What are the prime factors of z?
3, 7
List the prime factors of ((-1262643)/(-445))/((-1)/(-20)).
2, 3, 4729
Let u(l) = -170*l + 74. Let w(c) = 83*c - 37. Let n(s) = -2*u(s) - 5*w(s). What are the prime factors of n(-9)?
2, 89
Let i be (-9)/(-3) - (-4 - -8). What are the prime factors of 3/(-2)*i/(13/9958)?
3, 383
List the prime factors of (1 + 6616/(-6))*(-40 - -22)/6.
5, 661
Suppose 0*q - 207 = -3*q - 4*c, q + 2*c - 71 = 0. What are the prime factors of (-135)/(-2)*(-6 + 2158/q)?
2, 3, 17
What are the prime factors of ((-280936)/56)/((-860)/140 + (5 - -1))?
35117
What are the prime factors of (-128706)/(-9) - (-10)/6*57/285?
3, 7, 227
Let w(g) = 1567*g + 1060. List the prime factors of w(9).
59, 257
Let f(v) = -13*v**3 - 355*v**2 + 30*v - 4. What are the prime factors of f(-29)?
2, 3, 13, 113
Let s(o) be the first derivative of 13*o**3 - o**2 + 3*o - 65. What are the prime factors of s(6)?
3, 5, 31
Let c = -4691 - -2231. Let s = 4199 + c. List the prime factors of s.
37, 47
List the prime factors of (1038/(-10) - (-1)/(-5))/((-18)/4887).
2, 3, 13, 181
Suppose -r - 1 = z, 8*z - 4*r - 31 = 3*z. Suppose -4*g = -12, -v + z*g = g - 5. Suppose 13 = 4*h - v. List the prime factors of h.
2, 3
Suppose 0 = 341*y - 342*y - 639. Let u = y + 911. List the prime factors of u.
2, 17
Suppose 0 = -5*a - 2*c + 2991, -2*a + 3*c + 592 = -612. Suppose -3*y + 3672 = 3*d, a - 1827 = -d - 5*y. What are the prime factors of d?
1223
Let w(k) = 531*k + 2674. What are the prime factors of w(31)?
5, 43, 89
Let a be (7252/(-35))/(1/(-5)). Suppose -7*r = -0*r - 14. Suppose r*x - 6*x = -a. List the prime factors of x.
7, 37
Let v be (-7)/((-343)/14) + (-5654)/(-7). Suppose 4*o = v + 916. What are the prime factors of o?
431
Let y = 12591 - 899. List the prime factors of y.
2, 37, 79
Let j(c) = 17*c + 15434. What are the prime factors of j(-188)?
2, 29, 211
Let a = 19 - 18. Let l(t) = -25*t**2 + 6*t. Let i(s) = -75*s**2 + 19*s + 1. Let g(d) = 2*i(d) - 7*l(d). What are the prime factors of g(a)?
23
Let z(u) = u + u**2 + 7*u + 2*u - 3 + 2*u - 3. Let p(j) = j**2 + 12*j + 9. Let v be p(-9). List the prime factors of z(v).
2, 3, 17
Let v(d) = 103*d - 343. List the prime factors of v(21).
2, 5, 7, 13
Let f(w) = -400*w**3 - 10*w**2 - 268*w - 1060. List the prime factors of f(-4).
2, 3, 7, 101
Let r be (413/(-84) - 3/9)*-28. Suppose 0 = w - 209 - r. What are the prime factors of w?
2, 89
Let x(d) = 28*d**2 + 26*d + 108. Let y(l) = -l**2 + l - 1. Let j(a) = x(a) - 3*y(a). List the prime factors of j(-4).
5, 103
Suppose 0 = 13*n - 4*n - 108. Suppose -b + 3*b - 2*x - 1710 = 0, 4*x = n. What are the prime factors of b?
2, 3, 11, 13
Let r(t) = -15 - 28 + 127 + 12 + 16*t. What are the prime factors of r(19)?
2, 5
What are the prime factors of (35214/12)/(2/4)*(-30)/(-10)?
3, 5869
Let t(h) = 1178*h**2 - 129*h - 493. List the prime factors of t(-4).
113, 167
Suppose -20*l + 15*l + 25 = 0. Suppose -l*f + 18 = 3. Suppose -5*n - 2*s + 446 = -n, 0 = -4*n + f*s + 441. List the prime factors of n.
3, 37
Let h = 13 + -37. Suppose -3*y - 1030 + 1234 = 0. Let m = y + h. What are the prime factors of m?
2, 11
What are the prime factors of 49/((-294)/(-13005))*3/(30/56)?
2, 3, 7, 17
Let m(a) = -36*a + 12. Let d be ((-5)/(-4))/5 + (-58)/8. Let u be m(d). Suppose -8*g = -2*g - u. What are the prime factors of g?
2, 11
Suppose 0 = 182*d - 203*d + 150003. What are the prime factors of d?
3, 2381
Let x = -7670 - -9088. List the prime factors of x.
2, 709
Suppose -11*i + 0*i = 0. Let v be 0/(i - 1) + -448 + 2. Let x = v + 637. What are the prime factors of x?
191
Let b be ((-6)/(-5))/((-147)/2450). List the prime factors of ((-3687)/15)/(4/b).
1229
Suppose -3*i = 120 + 183. Let s = i - -178. Suppose 688 = 9*g - s. List the prime factors of g.
5, 17
Let z(d) = 24*d + 3897. What are the prime factors of z(0)?
3, 433
Let i(o) = -3*o**3 + 14*o**2 + 9*o + 12. Suppose -10 = 69*x - 67*x. What are the prime factors of i(x)?
2, 173
Suppose 10*d = 11*d + 601. Let v be 2*2/6 - d/3. Suppose 239 = 5*m - v. What are the prime factors of m?
2, 11
Let b be (-7 - (-617)/2) + (-1)/2. Let w = 577 - b. List the prime factors of w.
2, 3, 23
Suppose 7*a = -0*a - 4*h + 475545, 135897 = 2*a + 5*h. What are the prime factors of a?
67931
Suppose -q = 4*b - 73368, -3*b + q + 5279 + 49733 = 0. What are the prime factors of b?
2, 5, 7, 131
Let p(b) = -11 + 6 + 21*b + 2 - 1. Let v be p(3). Suppose 0 = 6*y - 535 - v. What are the prime factors of y?
3, 11
Suppose 0 = -4*s + 3*y + 11621, 6*s = 8*s + 5*y - 5791. Suppose -s + 16539 = 28*j. List the prime factors of j.
487
Let j(d) = -5*d - 7. Let i = -43 + 39. Let x be j(i). Suppose 0 = 12*l - x*l + 27. List the prime factors of l.
3
Suppose -f + 6 - 1 = 0. Suppose -4*t - 2*n = 2*n, 50 = f*t - 5*n. Suppose 5*p + 4*k - 817 = 0, t*p - 2*k + k - 827 = 0. List the prime factors of p.
3, 5, 11
Let i(j) = -1541*j + 1568. What are the prime factors of i(-24)?
2, 61, 79
Suppose -57*r + 3309420 = 19*r. List the prime factors of r.
3, 5, 2903
Suppose -350 = -5*k - 2*o - 3*o, 70 = k + 3*o. Let d = k - 16. List the prime factors of d/((-36)/(-8) + -3).
2, 3
Suppose 42*y + 31*y = 456101 + 222434. What are the prime factors of y?
5, 11, 13
Let f(u) = -u**2 + 3*u - 6. Let t be f(4). Let s(o) be the second derivative of -11*o**3/3 - 26*o**2 - 142*o. List the prime factors of s(t).
2, 3, 7
Suppose 4*s + 2*p - 85782 = 0, 0*s - 3*s + 64332 = -3*p. List the prime factors of s.
5, 4289
Suppose 144 = 14*n + 2*n. Suppose -2*a + 2116 = 2*t, 5*t - 6*a - 5298 = -n*a. What are the prime factors of t?
2, 3, 59
Let h = 32565 - -8060. List the prime factors of h.
5, 13
Suppose 15936 = 71*i - 87*i. Let n = i + 1765. What are the prime factors of n?
769
Suppose 0 = 42*m + 45918 - 595680 - 184860. List the prime factors of m.
17491
Suppose 10*y - 11*y = -4. Suppose k = -y*k - 720. Let w = k + 252. List the prime factors of w.
2, 3
Suppose 20 = 4*s + 36. List the prime factors of 419 - ((-6)/s)/((-4)/(-8)).
2, 13
Let h = -17634 - -33472. What are the prime factors of h?
2, 7919
Let j = -25 - -27. Suppose -j*l - x = -50, 3*x + 66 = 4*l - 2*l. What are the prime factors of 235/(3 + -2)*l/45?
3, 47
What are the prime factors of (2052/(-456))/((-1)/8286)?
3, 1381
Suppose -2286564 + 360752 = -28*x. List the prime factors of x.
109, 631
What are the prime factors of (9045 - 1) + 4 - 372/(-62)?
2, 3, 503
Suppose -14 = 4*z - 2*k, -5*k = -k - 12. Let b(t) = 16*t**2 + 4 + 0*t**2 + 14*t**2 + 2*t + 17*t**2. List the prime factors of b(z).
2, 47
Let l(n) = n**2 - 5. Let d be l(-5). Let o be 5/(d/(-8)) - -7. Suppose 67 = o*k - 93. List the prime factors of k.
2
Suppose 3035*w - 3025*w = 30. Let y(m) = 3 - 7 + 24*m - 6. What are the prime factors of y(w)?
2, 31
Let q(a) = -a - 17. Let b be q(-25). Suppose -10 = -b*z + 6. Suppose -227 = -m + z*j, -4*m - 5*j + 527 = -407. What are the prime factors of m?
3, 7, 11
Suppose 0*u - 4 = 4*u. What are the prime factors of 1/4*-11*52*u?
11, 13
Suppose 2*z + 4 = 0, 2*z + 5154 + 5133 = w. List the prime factors of w.
7, 13, 113
Suppose -581855 = -33*l - 153878. List the prime factors of l.
3, 11, 131
Let q(v) = -v**2 + 62*v + 1249. Let c be q(-16). Let f(k) = 42*k + 4. Let i be f(-4). List the prime factors of i/(-8) - (c + 15/(-6)).
2, 11
Suppose 2*g - 36*q = -32*q + 110922, 221940 